{"id":97,"date":"2026-02-07T12:27:39","date_gmt":"2026-02-07T11:27:39","guid":{"rendered":"http:\/\/www.koenigliche-villa.de\/?page_id=97"},"modified":"2026-02-27T20:22:22","modified_gmt":"2026-02-27T19:22:22","slug":"wohnung","status":"publish","type":"page","link":"https:\/\/www.koenigliche-villa.de\/?page_id=97","title":{"rendered":"Wohnung"},"content":{"rendered":"\n<p>In unserer Ferienwohnung in der K\u00f6niglichen Villa finden Sie Erholung und Abstand vom Alltag. Genie\u00dfen Sie den herrlichen Ausblick gen S\u00fcden auf den Luitpold-Park, den Watzmann und das Bergpanorama.<\/p>\n\n\n\n<p>Wir legen Wert auf eine hochwertige Einrichtung: Eiche-Parkett und hohe Stuckdecken, Echtledersofa und -st\u00fchle, Stein-Arbeitsplatte, sehr leiser K\u00fchlschrank.<br><br>Das Doppelbett hat \u00dcbergr\u00f6\u00dfe-Bettdecken und kann tags\u00fcber bequem elektrisch unter die Decke gefahren werden, so dass Sie die Offenheit des Raums nutzen k\u00f6nnen. Ein begehbares Kleiderschrank-Zimmer bietet reichlich Stauraum f\u00fcr Kleidung und Allerlei.<\/p>\n\n\n\n<p><\/p>\n\n\nngg_shortcode_0_placeholder","protected":false},"excerpt":{"rendered":"<p>In unserer Ferienwohnung in der K\u00f6niglichen Villa finden Sie Erholung und Abstand vom Alltag. Genie\u00dfen Sie den herrlichen Ausblick gen S\u00fcden auf den Luitpold-Park, den Watzmann und das Bergpanorama. Wir legen Wert auf eine hochwertige Einrichtung: Eiche-Parkett und hohe Stuckdecken, <a href=\"https:\/\/www.koenigliche-villa.de\/?page_id=97\" class=\"read-more\">Weiterlesen<\/a><\/p>\n","protected":false},"author":1,"featured_media":141,"parent":0,"menu_order":0,"comment_status":"closed","ping_status":"closed","template":"","meta":{"ngg_post_thumbnail":13,"footnotes":""},"class_list":["post-97","page","type-page","status-publish","has-post-thumbnail","hentry"],"_links":{"self":[{"href":"https:\/\/www.koenigliche-villa.de\/index.php?rest_route=\/wp\/v2\/pages\/97","targetHints":{"allow":["GET"]}}],"collection":[{"href":"https:\/\/www.koenigliche-villa.de\/index.php?rest_route=\/wp\/v2\/pages"}],"about":[{"href":"https:\/\/www.koenigliche-villa.de\/index.php?rest_route=\/wp\/v2\/types\/page"}],"author":[{"embeddable":true,"href":"https:\/\/www.koenigliche-villa.de\/index.php?rest_route=\/wp\/v2\/users\/1"}],"replies":[{"embeddable":true,"href":"https:\/\/www.koenigliche-villa.de\/index.php?rest_route=%2Fwp%2Fv2%2Fcomments&post=97"}],"version-history":[{"count":3,"href":"https:\/\/www.koenigliche-villa.de\/index.php?rest_route=\/wp\/v2\/pages\/97\/revisions"}],"predecessor-version":[{"id":418,"href":"https:\/\/www.koenigliche-villa.de\/index.php?rest_route=\/wp\/v2\/pages\/97\/revisions\/418"}],"wp:featuredmedia":[{"embeddable":true,"href":"https:\/\/www.koenigliche-villa.de\/index.php?rest_route=\/wp\/v2\/media\/141"}],"wp:attachment":[{"href":"https:\/\/www.koenigliche-villa.de\/index.php?rest_route=%2Fwp%2Fv2%2Fmedia&parent=97"}],"curies":[{"name":"wp","href":"https:\/\/api.w.org\/{rel}","templated":true}]}}