{"id":147,"date":"2026-02-07T13:19:19","date_gmt":"2026-02-07T12:19:19","guid":{"rendered":"http:\/\/www.koenigliche-villa.de\/?page_id=147"},"modified":"2026-02-07T15:01:20","modified_gmt":"2026-02-07T14:01:20","slug":"umgebung-lage","status":"publish","type":"page","link":"https:\/\/www.koenigliche-villa.de\/?page_id=147","title":{"rendered":"Umgebung \/ Lage"},"content":{"rendered":"\n<p>Genie\u00dfen Sie die zentrale und doch ruhige Lage in Berchtesgaden:<\/p>\n\n\n\n<p>2 Min. zu Fu\u00df: Bushaltestelle zum Bahnhof, K\u00f6nigssee, Bad Reichenhall<br>5 Min. zu Fu\u00df: B\u00e4cker und das Zentrum von Berchtesgaden mit vielen Restaurants, Caf\u00e9s, ansprechenden L\u00e4den und allen Einkaufsm\u00f6glichkeiten<br>10 Minuten zu Fu\u00df: Bahnhof Berchtesgaden (Wegen der Steigung vom Bhf. zur Wohnung ist der Weg mit Koffern nur bedingt zu empfehlen.)<\/p>\n\n\n\n<figure class=\"wp-block-image size-full is-resized\"><img loading=\"lazy\" decoding=\"async\" width=\"863\" height=\"688\" src=\"http:\/\/www.koenigliche-villa.de\/wp-content\/uploads\/2026\/02\/Karte-Lage-Umgebung-.jpg\" alt=\"\" class=\"wp-image-154\" style=\"aspect-ratio:1.254355362588464;width:487px;height:auto\" srcset=\"https:\/\/www.koenigliche-villa.de\/wp-content\/uploads\/2026\/02\/Karte-Lage-Umgebung-.jpg 863w, https:\/\/www.koenigliche-villa.de\/wp-content\/uploads\/2026\/02\/Karte-Lage-Umgebung--300x239.jpg 300w, https:\/\/www.koenigliche-villa.de\/wp-content\/uploads\/2026\/02\/Karte-Lage-Umgebung--768x612.jpg 768w\" sizes=\"auto, (max-width: 863px) 100vw, 863px\" \/><\/figure>\n\n\n\n<p>Direkt oberhalb der Villa verl\u00e4uft der alte Soleleitungsweg. Spazieren Sie dort, wo fr\u00fcher das Salz bis nach Reichenhall floss, \u00fcber den D\u00e4chern von Berchtesgaden mit herrlichster Sicht auf den Markt und die Berge. Der Weg f\u00fchrt Sie zum Kalvarienberg, zur Stiftskirche, zum Schloss von Berchtesgaden oder zur Kirchleitnkapelle.<\/p>\n\n\n\n<figure class=\"wp-block-image size-large is-resized\"><img loading=\"lazy\" decoding=\"async\" width=\"1024\" height=\"768\" src=\"http:\/\/www.koenigliche-villa.de\/wp-content\/uploads\/2026\/02\/Schautafel-1024x768.jpg\" alt=\"\" class=\"wp-image-148\" style=\"width:481px;height:auto\" srcset=\"https:\/\/www.koenigliche-villa.de\/wp-content\/uploads\/2026\/02\/Schautafel-1024x768.jpg 1024w, https:\/\/www.koenigliche-villa.de\/wp-content\/uploads\/2026\/02\/Schautafel-300x225.jpg 300w, https:\/\/www.koenigliche-villa.de\/wp-content\/uploads\/2026\/02\/Schautafel-768x576.jpg 768w, https:\/\/www.koenigliche-villa.de\/wp-content\/uploads\/2026\/02\/Schautafel-1536x1152.jpg 1536w, https:\/\/www.koenigliche-villa.de\/wp-content\/uploads\/2026\/02\/Schautafel-2048x1536.jpg 2048w\" sizes=\"auto, (max-width: 1024px) 100vw, 1024px\" \/><\/figure>\n\n\n\n<figure class=\"wp-block-image size-large is-resized\"><img loading=\"lazy\" decoding=\"async\" width=\"1024\" height=\"635\" src=\"http:\/\/www.koenigliche-villa.de\/wp-content\/uploads\/2026\/02\/Kirchleitnkapelle-1024x635.jpg\" alt=\"\" class=\"wp-image-157\" style=\"aspect-ratio:1.6125935124400868;width:482px;height:auto\" srcset=\"https:\/\/www.koenigliche-villa.de\/wp-content\/uploads\/2026\/02\/Kirchleitnkapelle-1024x635.jpg 1024w, https:\/\/www.koenigliche-villa.de\/wp-content\/uploads\/2026\/02\/Kirchleitnkapelle-300x186.jpg 300w, https:\/\/www.koenigliche-villa.de\/wp-content\/uploads\/2026\/02\/Kirchleitnkapelle-768x476.jpg 768w, https:\/\/www.koenigliche-villa.de\/wp-content\/uploads\/2026\/02\/Kirchleitnkapelle.jpg 1200w\" sizes=\"auto, (max-width: 1024px) 100vw, 1024px\" \/><\/figure>\n\n\n\n<p>Das Kongresszentrum, das Haus der Berge, der Kurpark und die Touristeninformation befinden sich in naher Umgebung. Im Berchtesgadener Land gibt es viel zu entdecken \u2013 f\u00fcr jeden Geschmack, jedes Wetter, jedes Alter.<\/p>\n","protected":false},"excerpt":{"rendered":"<p>Genie\u00dfen Sie die zentrale und doch ruhige Lage in Berchtesgaden: 2 Min. zu Fu\u00df: Bushaltestelle zum Bahnhof, K\u00f6nigssee, Bad Reichenhall5 Min. zu Fu\u00df: B\u00e4cker und das Zentrum von Berchtesgaden mit vielen Restaurants, Caf\u00e9s, ansprechenden L\u00e4den und allen Einkaufsm\u00f6glichkeiten10 Minuten zu <a href=\"https:\/\/www.koenigliche-villa.de\/?page_id=147\" class=\"read-more\">Weiterlesen<\/a><\/p>\n","protected":false},"author":1,"featured_media":0,"parent":0,"menu_order":0,"comment_status":"closed","ping_status":"closed","template":"","meta":{"ngg_post_thumbnail":0,"footnotes":""},"class_list":["post-147","page","type-page","status-publish","hentry"],"_links":{"self":[{"href":"https:\/\/www.koenigliche-villa.de\/index.php?rest_route=\/wp\/v2\/pages\/147","targetHints":{"allow":["GET"]}}],"collection":[{"href":"https:\/\/www.koenigliche-villa.de\/index.php?rest_route=\/wp\/v2\/pages"}],"about":[{"href":"https:\/\/www.koenigliche-villa.de\/index.php?rest_route=\/wp\/v2\/types\/page"}],"author":[{"embeddable":true,"href":"https:\/\/www.koenigliche-villa.de\/index.php?rest_route=\/wp\/v2\/users\/1"}],"replies":[{"embeddable":true,"href":"https:\/\/www.koenigliche-villa.de\/index.php?rest_route=%2Fwp%2Fv2%2Fcomments&post=147"}],"version-history":[{"count":4,"href":"https:\/\/www.koenigliche-villa.de\/index.php?rest_route=\/wp\/v2\/pages\/147\/revisions"}],"predecessor-version":[{"id":158,"href":"https:\/\/www.koenigliche-villa.de\/index.php?rest_route=\/wp\/v2\/pages\/147\/revisions\/158"}],"wp:attachment":[{"href":"https:\/\/www.koenigliche-villa.de\/index.php?rest_route=%2Fwp%2Fv2%2Fmedia&parent=147"}],"curies":[{"name":"wp","href":"https:\/\/api.w.org\/{rel}","templated":true}]}}